, what is 18159 - 1492?
16667
In base 10, what is -9491420 + 27?
-9491393
In base 12, what is -1603762 - 1b?
-1603781
In base 16, what is 4fac4c + -11?
4fac3b
In base 8, what is -14607 + -23772?
-40601
In base 13, what is -7cc + 55c62?
55463
In base 3, what is -1002121201 - -2100022?
-1000021102
In base 9, what is -10651 + 2448?
-7202
In base 5, what is -44324400443 + -2?
-44324401000
In base 8, what is -154 - -471674?
471520
In base 6, what is 13420 - 434?
12542
In base 6, what is -4 - -43511203?
43511155
In base 10, what is -5 - -27885818?
27885813
In base 6, what is 10532532 - -2?
10532534
In base 12, what is 6398809 - -2?
639880b
In base 16, what is 5f10ab + -6?
5f10a5
In base 15, what is -a970 - -1037?
-9938
In base 6, what is -1201312 + 205?
-1201103
In base 9, what is 116687054 + 18?
116687073
In base 15, what is -6060661 - -2?
-606065e
In base 2, what is 1000010111011101 - -11010001?
1000011010101110
In base 14, what is 56ac777 + -12?
56ac765
In base 7, what is -52000 + 1500?
-50200
In base 16, what is -9d - 2cd851?
-2cd8ee
In base 12, what is -32aa81 + -968?
-32b829
In base 10, what is 119 - 252984?
-252865
In base 10, what is -13 + 34775?
34762
In base 12, what is 8ba - -4566?
5264
In base 14, what is 1203a - 99?
11d81
In base 10, what is 385 - -706331?
706716
In base 3, what is 2100200110112 + 0?
2100200110112
In base 15, what is -11b - 83832?
-8394d
In base 6, what is -101403333 - -5?
-101403324
In base 10, what is -4 + -23567475?
-23567479
In base 12, what is -47283b0 - 0?
-47283b0
In base 8, what is -31774 + -30033?
-62027
In base 7, what is 11006400 - -16?
11006416
In base 8, what is -5 + 115416131?
115416124
In base 8, what is 413 - -104370?
105003
In base 13, what is -617240 + 8b?
-617182
In base 2, what is -11100110111000101101111110 - -101?
-11100110111000101101111001
In base 12, what is 16 - -a827373?
a827389
In base 10, what is -3708 - -12324?
8616
In base 8, what is 37 - -11772251?
11772310
In base 15, what is -a01 - -dd5?
3d4
In base 4, what is 10121011011 + 1113?
10121012130
In base 10, what is -991196 - -4?
-991192
In base 7, what is 1 + -3063425610?
-3063425606
In base 4, what is 12 - -130101212?
130101230
In base 14, what is d1dca + 22?
d200c
In base 7, what is -110651555 + -6?
-110651564
In base 3, what is -1222002 - -111011220?
102012211
In base 16, what is -f1d3 + 195?
-f03e
In base 4, what is 12 + -2301302033312?
-2301302033300
In base 3, what is -1001010120212 - -22?
-1001010120120
In base 10, what is 1290 + 131634?
132924
In base 13, what is 0 + -504a389?
-504a389
In base 14, what is 0 - -338d4?
338d4
In base 16, what is 11aa - 2a55?
-18ab
In base 12, what is 42 - 2b630a?
-2b6288
In base 7, what is 1064 - 150233?
-146136
In base 5, what is -221431342 + 2140?
-221424202
In base 15, what is -1a2ec29 + -71?
-1a2ec9a
In base 8, what is 5231410 + -12?
5231376
In base 11, what is 24 + 204748?
204771
In base 12, what is -1aab43 - 2?
-1aab45
In base 8, what is -1556575 + -171?
-1556766
In base 2, what is 1000110111110001000001 - 10?
1000110111110000111111
In base 4, what is 101103002 - -3303?
101112311
In base 3, what is -212011111210 + -1211?
-212011120121
In base 3, what is -2121010122222 - -11100?
-2121010111122
In base 16, what is -2a61923 + -2?
-2a61925
In base 9, what is -1 + 452423647?
452423646
In base 6, what is -110 - 134422?
-134532
In base 5, what is 100314 + -1133?
44131
In base 16, what is ecee7 - 7?
ecee0
In base 5, what is -30223432 + 1?
-30223431
In base 8, what is 125537651 - 6?
125537643
In base 15, what is -6a34961 - -1?
-6a34960
In base 11, what is 1a550841 - 3?
1a550839
In base 4, what is -3213 - 12032013101?
-12032022320
In base 7, what is -164 - 2012262?
-2012456
In base 9, what is -5 + -60023324?
-60023330
In base 12, what is -760180 + 93?
-7600a9
In base 6, what is 20430 - -111341?
132211
In base 16, what is 10ac - -4ef?
159b
In base 15, what is d + -54ae29?
-54ae1b
In base 15, what is 3 + 679a3a?
679a3d
In base 4, what is -21300212 + 11300?
-21222312
In base 15, what is 25a + 4012e?
40389
In base 9, what is 32182423 + 6?
32182430
In base 10, what is -146665 + 196?
-146469
In base 11, what is -2586 - 2878?
-5353
In base 4, what is -32233 - -1000020?
301121
In base 9, what is 2060 - 16470?
-14410
In base 9, what is -360142 + -653?
-360805
In base 13, what is 56719 - 1bc2?
54827
In base 5, what is 1200102 + -313?
1144234
In base 10, what is -24 - -3009889?
3009865
In base 13, what is a02b88 - 5?
a02b83
In base 16, what is 1856b + -b48?
17a23
In base 12, what is 10a9 - -573a7?
58494
In base 16, what is bf3 - 1f45?
-1352
In base 4, what is 301113030 + -11011?
301102013
In base 11, what is 411579 + 59?
411627
In base 3, what is 1120222202220201 + -11?
1120222202220120
In base 8, what is 32070253 + -5?
32070246
In base 13, what is -8 - -2228b349?
2228b341
In base 6, what is 5 - 1300435220?
-1300435211
In base 16, what is -bd6 + -5f3e?
-6b14
In base 15, what is 6e05b - -ee?
6e15a
In base 4, what is 1 - 3200233303?
-3200233302
In base 16, what is -9 - -1cef87?
1cef7e
In base 9, what is -128465 - -11?
-128454
In base 14, what is -a5 + 72096?
71dd1
In base 4, what is 2 + -111013332213?
-111013332211
In base 8, what is -670665317 + -5?
-670665324
In base 4, what is 3 - -1031202212?
1031202221
In base 3, what is -211010020200 + -1100?
-211010022000
In base 9, what is -346612872 + 5?
-346612866
In base 7, what is 13 + -1041210?
-1041164
In base 14, what is -22936aa + -3?
-22936ad
In base 6, what is 1 + -310514?
-310513
In base 15, what is -4 + -3e18478?
-3e1847c
In base 13, what is 91942 + 1266?
92ba8
In base 8, what is 271751074 - 27?
271751045
In base 10, what is -16554 - 17900?
-34454
In base 7, what is 6611063624 + 0?
6611063624
In base 3, what is 120210 - -1011021011012?
1011021201222
In base 14, what is -100385 - -2?
-100383
In base 11, what is 22 + -1a5aa2a?
-1a5aa08
In base 11, what is -391844 - -24?
-391820
In base 16, what is 2 - e5d7a?
-e5d78
In base 9, what is 4107804 - 171?
4107623
In base 9, what is 446 + 38234?
38681
In base 13, what is 6694 - 3a4?
62c0
In base 15, what is -a80 + -72b?
-12ab
In base 8, what is -5071 + -22551?
-27642
In base 7, what is 124613 - -1223?
126136
In base 4, what is 1033301303 + 3?
1033301312
In base 8, what is -2717461525 + -2?
-2717461527
In base 16, what is -4f + 14362?
14313
In base 14, what is -1934d + -54a?
-19899
In base 10, what is -1 + 7340527?
7340526
In base 14, what is -9 + 97146?
9713b
In base 6, what is 0 + -3305042153?
-3305042153
In base 11, what is 4 - 7775081?
-7775078
In base 10, what is 2 + 5484998?
5485000
In base 3, what is -1011022201211 - 1020012?
-1011100222000
In base 6, what is -422305 + 13044?
-405221
In base 8, what is 3 - -2630?
2633
In base 12, what is 3286 + -7b6b?
-48a5
In base 11, what is a81479 - -109?
a81587
In base 14, what is -14 + -114bc1?
-114bd5
In base 8, what is -17536142 - 114?
-17536256
In base 10, what is -1873 - -346939?
345066
In base 11, what is 3014a6895 + 5?
3014a689a
In base 16, what is 2300 + -1d5b?
5a5
In base 12, what is -14 + -19905b?
-199073
In base 4, what is 11 - -22133210001?
22133210012
In base 3, what is 20 + -1112222210112200?
-1112222210112110
In base 14, what is 1538a + 17c?
15528
In base 8, what is 15317320 + -5?
15317313
In base 15, what is -c50 + -2b01d?
-2bc6d
In base 14, what is 503552 - 0?
503552
In base 5, what is 13330223412 - -2?
13330223414
In base 4, what is 33020 + 22330221?
23023301
In base 12, what is 715a1 + -7?
71596
In base 3, what is -2 - -102111120001201220?
102111120001201211
In base 9, what is 73015701 + 53?
73015754
In base 9, what is -77 - -122427?
122340
In base 12, what is 6 + -89bba16?
-89bba10
In base 9, what is -73 - 71708?
-71782
In base 3, what is -10200211 + 112212011?
102011100
In base 7, what is -20501 - -162463?
141662
In base 9, what is -21775 + -20528?
-42414
In base 4, what is 20221 - -13210200?
13231021
In base 16, what is -8e2e82 - -2?
-8e2e80
In base 10, what is 27263 + -429?
26834
In base 3, what is 11000 + -2100020211?
-2100002211
In base 7, what is -16234 - -20320?
1053
In base 7, what is 215462450 - -13?
215462463
In base 15, what is -254 + 5b90?
593b
In base 12, what is -9514babb + 5?
-9514bab6
In base 6, what is 432043 + -554?
431045
In base 6, what i